1253. What is the greatest common divisor of x and 94?
47
Suppose 2*u + 277 + 198 = -5*a, -4*a + 4*u - 380 = 0. Let h = 68 + a. Let d = 15 - h. Calculate the highest common factor of d and 63.
21
Let g(m) = 5*m**2 + 17*m + 34. Let c be g(-2). What is the highest common divisor of 135 and c?
5
Suppose 0 = p + 3 - 2. Let f be (0 + p)/(1/(-85)). Calculate the highest common divisor of 17 and f.
17
Let l be 1000/(-30)*(-6)/4. Calculate the greatest common divisor of 450 and l.
50
Suppose -4*r = p - r - 3, -5*r - 9 = -3*p. Suppose p*f - 256 = f. Suppose -2*h + 2*y + f = 0, -2*y - 3*y = -20. What is the highest common factor of h and 17?
17
Suppose -3*m + 0*m = -1755. Suppose 0 = -14*l + 787 + m. Suppose 0 = -0*q + 2*q + 2, -2*r - 2*q = -26. What is the highest common factor of l and r?
14
Suppose 3*f - 27 = 24. Suppose 1 = 6*j - f. Suppose -30 = j*z - 8*z. Calculate the highest common divisor of z and 15.
3
Let c(k) = 2*k**3 - k + 1. Let n be c(1). Suppose n*a - 10*a = -184. Calculate the highest common factor of 161 and a.
23
Let r(i) = -i**3 - 13*i**2 - 13*i - 10. Let c be r(-12). Suppose -c*m + m + 5*z + 33 = 0, -m + 31 = -3*z. Calculate the greatest common factor of 224 and m.
28
Let u = 69 + -43. Suppose -d = -2*o - 6*d + 270, 5*d + 380 = 3*o. Calculate the highest common divisor of o and u.
26
Suppose f + 3 = -3. Let i be (-1264)/(-12) + 8/f. What is the greatest common divisor of 26 and i?
26
Let a = 1495 + -1417. Let k = 46 - 20. What is the highest common divisor of a and k?
26
Let d be ((-2)/4)/(2/(-40)). Let i(f) = -345*f - 7115. Let x be i(-21). What is the highest common factor of d and x?
10
Suppose 3*m + 20 = 8*m, -3*j + 2 = -m. Suppose j*y + y = 702. What is the greatest common factor of y and 26?
26
Let m be 1 - (-3 - (-4 - 29)). Let q = m + 99. Calculate the highest common divisor of q and 14.
14
Let u(q) = -2*q + 10. Let b be u(-8). Let p = 663 - 367. Suppose 36 = -4*c + p. What is the greatest common factor of b and c?
13
Let k be ((-26)/4)/(105/14 + -8). What is the highest common factor of 13 and k?
13
Let p(a) = a**3 - 7*a**2 + 3*a + 2. Let n be p(5). Let l = -19 - n. Suppose 0 = -r - 0*r + l. What is the highest common factor of r and 42?
14
Suppose -w - 7 = -2*t, 86*t - 88*t = 8. Suppose -r = -4*r - 4*j + 1, -r + 1 = j. Let l be (50/w + r)*-33. What is the greatest common factor of 55 and l?
11
Suppose 6*m + 155 = 5*c + 9*m, 4*m - 160 = -5*c. Calculate the highest common divisor of c and 26.
2
Let q(c) = -33*c + 143. Let h be q(4). Calculate the highest common divisor of 143 and h.
11
Suppose 0 = -3*b + 9 + 24. Suppose -25 = 6*f - b*f. What is the highest common factor of f and 1?
1
Let i be -3*3/(-9) - 45. Let f = -28 - i. Calculate the highest common divisor of 16 and f.
16
Let u = 77 + -55. Let i be 2/7 + (-458)/(-14). Calculate the highest common divisor of i and u.
11
Suppose 3*q - 20 = -17. Let j be (1 - 3) + (q - (-40)/2). Calculate the highest common divisor of j and 19.
19
Let r(m) = -m**2 + 27. Let a be r(0). Let b = 153 + -149. Let v = b - -5. What is the greatest common divisor of v and a?
9
Let l = -86 - -86. Suppose l = -6*m + 9*m - 54. What is the greatest common divisor of m and 198?
18
Let z = -6 + 9. Suppose -z*v + 86 = 50. What is the greatest common divisor of v and 24?
12
Let l be (-6)/(-18) - 278/(-3). Let w = -92 + l. What is the highest common divisor of 3 and w?
1
Let f(y) = -y**3 + 10*y**2 - 8*y - 2. Suppose -7*h + 2*h = -45. Let k be f(h). Suppose -3*u + 2*u + 21 = 0. Calculate the highest common divisor of k and u.
7
Let f = 12 - 5. Let r(d) = 3*d + 29. Let a be r(-11). Let b be (-42)/(28/(-6) - a). What is the highest common factor of b and f?
7
Let i(h) be the third derivative of -h**4/8 - 5*h**3/2 - 25*h**2. Let l be i(-9). Calculate the greatest common factor of l and 8.
4
Let n = -425 + 633. Suppose -64 = -2*l - 4*d + 44, -4*l + n = 4*d. What is the highest common divisor of l and 75?
25
Let m(v) = -v**3 - 32*v**2 + 60*v - 82. Let c be m(-34). Suppose -o - 57 = -4*o. Calculate the greatest common divisor of o and c.
19
Suppose 5*p - 5*a - 10 = 0, -a = 4*p - 6*a - 12. Let h be p - -4 - (-24)/3. Let c = -2 + h. Calculate the greatest common divisor of 24 and c.
8
Suppose 4*p - b = -3*b - 6, -2*p = 4*b. Let v be (36/15)/(p/(-5)). Let u(t) = 3*t**2 - 10*t - 1. Let k be u(5). Calculate the highest common factor of v and k.
6
Let g be (-3 + 5)/(-1) + 233. Let y be (g/6)/(0 + (-4)/(-8)). Calculate the greatest common factor of 7 and y.
7
Suppose 31*d - 456 = 12*d. Calculate the greatest common factor of 564 and d.
12
Suppose 0 = 4*b + 2*z + 3*z - 40, 4*b = 4*z + 4. What is the highest common factor of 180 and b?
5
Let a(z) = -z**3 + 8*z**2 + 2*z + 19. Let p be a(8). What is the greatest common divisor of p and 175?
35
Suppose 2*u = -2*s + 180 + 354, 3*u - 841 = 5*s. What is the highest common factor of 40 and u?
8
Let d be 2076/14 + ((-72)/7 - -10). Let r = 12 - -72. Let h = d - r. What is the greatest common factor of h and 160?
32
Suppose 3*m - 217 = 2*k, 3*m = 11*k - 15*k + 187. What is the greatest common divisor of m and 3?
3
Let p be 3 + 2 + 354/4*2. Calculate the highest common divisor of p and 28.
14
Suppose -2*i + 446 = 5*p, 0 = -4*p + 6*p + 2*i - 182. What is the highest common factor of 33 and p?
11
Let d = 4 - -7. Suppose 0 = -4*h + 31 - d. Calculate the greatest common factor of 2 and h.
1
Let j be (0 + 5 - 3)*(18 + -12). What is the highest common factor of 60 and j?
12
Let n be ((-5)/15)/(1/(-15)). Suppose n*w - 43 - 37 = 0. Let f be 1*3/6*w. Calculate the highest common factor of 80 and f.
8
Let q be 2*-2 + (23 - 14). Suppose v - 4*s = -s + 10, 5*v - 10 = -q*s. What is the greatest common factor of 1 and v?
1
Let i be -24*((-35)/21 + 0). What is the greatest common divisor of 5 and i?
5
Let z(d) = -2*d + 0*d**2 + 2*d**2 + 0*d**2. Let q be z(-2). What is the highest common factor of q and 24?
12
Let f be 5 - 3 - (13 + 2). Let u = f + 29. Suppose 0 = o + s - u, -2*o + 2*s + 4 = -20. What is the greatest common divisor of o and 56?
14
Let t(w) = w**3 - w**2 + w + 12. Let f be t(0). Let h be (-1)/((-1)/2*8/(-92)). Let d = h - -119. What is the highest common factor of f and d?
12
Let r be (-3 - (-165)/(-25))*-5. Let p = 28 - 9. Let g = p - 7. What is the greatest common factor of g and r?
12
Let j(q) = -q**2 - 25*q + 166. Let a be j(-27). Calculate the greatest common factor of 28 and a.
28
Suppose -4*d = -5*x + 19, 5*x = -3*d + 5*d + 17. Suppose 5*r = x + 87. Suppose 28 = 2*z - r. What is the greatest common factor of z and 161?
23
Let h = 31 + -6. Suppose -h = 17*j - 22*j. What is the greatest common divisor of j and 1?
1
Let k = 14 + -12. Let r(v) = 2 + 26*v**3 - v**k - v - 11 + 10. Let p be r(1). What is the highest common factor of 5 and p?
5
Suppose 3*l + 3 - 6 = 0. Let v(y) = 14*y**3 + y**2 - y + 1. Let c be v(l). Suppose -o = -117 - 48. Calculate the highest common divisor of c and o.
15
Suppose 0 = 8*i - i. Suppose i = q + v, -q + 0*v = -4*v. Suppose q*w = w - 13. What is the greatest common factor of w and 26?
13
Let q(v) = -50*v**3 + v**2 + v. Let y be q(-1). Let a(s) = 8*s - 134. Let o be a(18). What is the highest common factor of y and o?
10
Suppose 3*h + 12 = 0, -2*h = 4*a + 2*h + 184. Let n = a - -62. Suppose -p + 8*m - 3*m + n = 0, 100 = 5*p + 5*m. What is the greatest common divisor of p and 8?
4
Let a = -842 - -953. Calculate the highest common divisor of 1776 and a.
111
Let x be (8/(-3) + -4)*(-6)/5. Suppose -2*c + 9 = -2*d + d, 0 = c - 3*d + x. Let i be (-2)/(2 - 0) - -36. Calculate the greatest common factor of i and c.
7
Let l(u) = 4*u**2 - 2*u + 4. Let n be l(3). Let c = -21 + n. Let z = 277 + -160. What is the highest common divisor of c and z?
13
Let i(a) = -46*a**3 - a - 1. Let g be i(-1). Let n = g - 37. What is the highest common divisor of 18 and n?
9
Let h(j) = j**3 - 10*j**2 + 18*j - 25. Let d be h(10). Suppose -x - 3*z + 65 = 0, 2*x - 6*x - 5*z + 253 = 0. Calculate the greatest common divisor of d and x.
31
Let x(q) = q**3 - 3*q**2 - 5*q - 2. Let o be x(4). Let s(l) = -2*l**2 + 55*l - 12. Let r be s(27). Let u = r + o. What is the highest common factor of u and 9?
9
Suppose 19*z = 20256 + 21069. What is the highest common divisor of z and 50?
25
Let